37.
3, 31, 7522609
List the prime factors of 903738194.
2, 29, 709, 21977
What are the prime factors of 2714631543?
3, 13, 7733993
List the prime factors of 349985281.
691, 506491
What are the prime factors of 497434819?
7, 1381, 7351
List the prime factors of 1399074651.
3, 13, 11957903
What are the prime factors of 48710276?
2, 12177569
List the prime factors of 81511180.
2, 5, 4075559
List the prime factors of 232069545.
3, 5, 5157101
List the prime factors of 27031192.
2, 911, 3709
What are the prime factors of 15912818?
2, 7956409
What are the prime factors of 289961524?
2, 599, 121019
What are the prime factors of 31901581?
67, 476143
What are the prime factors of 20170720?
2, 5, 126067
What are the prime factors of 58491933?
3, 19497311
What are the prime factors of 74592703?
23, 37, 103
List the prime factors of 5638946909.
349, 16157441
List the prime factors of 883122121.
7, 126160303
What are the prime factors of 133812940?
2, 5, 6690647
What are the prime factors of 46320645?
3, 5, 7, 103, 4283
What are the prime factors of 34621393?
34621393
List the prime factors of 2731380835.
5, 61, 149, 60103
What are the prime factors of 65011656?
2, 3, 2708819
What are the prime factors of 4051333209?
3, 7, 11, 3881, 4519
What are the prime factors of 150613486?
2, 1217, 61879
List the prime factors of 167766555.
3, 5, 11, 101, 10067
What are the prime factors of 800562019?
73, 10966603
List the prime factors of 1568698066.
2, 13, 60334541
What are the prime factors of 2100231743?
2100231743
What are the prime factors of 525549092?
2, 9749, 13477
List the prime factors of 359129611.
1613, 222647
What are the prime factors of 78399685?
5, 7, 13, 172307
List the prime factors of 336594233.
59, 5704987
List the prime factors of 4263867.
3, 79, 1999
List the prime factors of 609750976.
2, 23, 401, 1033
List the prime factors of 264667624.
2, 13, 23, 110647
List the prime factors of 88301716.
2, 1453, 15193
List the prime factors of 1740677555.
5, 1223, 284657
What are the prime factors of 875080680?
2, 3, 5, 71, 271, 379
List the prime factors of 6616143.
3, 47, 15641
What are the prime factors of 4117888326?
2, 3, 61, 11251061
List the prime factors of 47924773.
13, 53, 69557
List the prime factors of 43863978.
2, 3, 17, 199, 2161
List the prime factors of 759281501.
11, 41, 149, 11299
What are the prime factors of 108165403?
67, 1614409
List the prime factors of 43740651.
3, 73, 199729
List the prime factors of 4076229843.
3, 7, 64702061
List the prime factors of 1046803955.
5, 19, 11018989
What are the prime factors of 1428146060?
2, 5, 11, 101, 5843
List the prime factors of 639420261.
3, 213140087
List the prime factors of 3318146014.
2, 23, 37, 1949557
List the prime factors of 1108174411.
19, 547, 106627
List the prime factors of 113056905.
3, 5, 13, 579779
What are the prime factors of 5096946818?
2, 7541, 337949
List the prime factors of 234452552.
2, 19, 1542451
What are the prime factors of 1413891501?
3, 11, 42845197
What are the prime factors of 142756063?
19, 7513477
What are the prime factors of 59850164?
2, 11, 37, 97, 379
List the prime factors of 126003801.
3, 7, 11, 19, 1511
What are the prime factors of 29049110?
2, 5, 1009, 2879
What are the prime factors of 66396753?
3, 41, 19993
What are the prime factors of 14967204?
2, 3, 7, 23, 61, 127
List the prime factors of 34710223.
34710223
What are the prime factors of 363275364?
2, 3, 19, 227, 7019
What are the prime factors of 146934656?
2, 11, 53, 179
List the prime factors of 905923687.
683, 1326389
What are the prime factors of 146627902?
2, 19, 3858629
What are the prime factors of 1061831920?
2, 5, 37, 358727
List the prime factors of 5374238112.
2, 3, 157, 39619
List the prime factors of 8171121214.
2, 163, 521, 48109
List the prime factors of 808966922.
2, 404483461
What are the prime factors of 225115343?
17, 13242079
List the prime factors of 1511020417.
131, 1777, 6491
List the prime factors of 92838802.
2, 7, 17, 29, 13451
What are the prime factors of 713749715?
5, 7, 61, 197, 1697
What are the prime factors of 17619061?
19, 73, 12703
List the prime factors of 965920512.
2, 3, 23, 149, 367
What are the prime factors of 332183574?
2, 3, 19, 29, 33493
List the prime factors of 63010929.
3, 821, 25583
List the prime factors of 1687669489.
11, 153424499
What are the prime factors of 480334271?
1753, 274007
What are the prime factors of 111013550?
2, 5, 2220271
What are the prime factors of 23708045?
5, 41, 109, 1061
List the prime factors of 1227948441.
3, 409316147
What are the prime factors of 1120109783?
13, 4153, 20747
What are the prime factors of 422384652?
2, 3, 17, 29, 7933
What are the prime factors of 566746739?
13, 29, 197, 587
List the prime factors of 1015691619.
3, 338563873
What are the prime factors of 31452094?
2, 15726047
List the prime factors of 122374453.
31, 83, 199, 239
What are the prime factors of 1276573456?
2, 79785841
List the prime factors of 18307508.
2, 43, 163, 653
What are the prime factors of 16439578?
2, 17, 29, 16673
List the prime factors of 5119384338.
2, 3, 284410241
List the prime factors of 79774764.
2, 3, 23, 289039
What are the prime factors of 1422465366?
2, 3, 7, 541, 62603
List the prime factors of 222324397.
151, 823, 1789
What are the prime factors of 70197432?
2, 3, 2924893
List the prime factors of 879713816.
2, 8597, 12791
What are the prime factors of 45510748?
2, 479, 23753
What are the prime factors of 710942?
2, 19, 53, 353
List the prime factors of 351027765.
3, 5, 11, 389, 1823
What are the prime factors of 53535018?
2, 3, 827, 10789
List the prime factors of 205250558.
2, 102625279
What are the prime factors of 1769942706?
2, 3, 7, 31, 353, 3851
List the prime factors of 86405090.
2, 5, 179, 48271
What are the prime factors of 1112491861?
13, 409, 209233
List the prime factors of 99308221.
31, 271, 11821
List the prime factors of 2307464813.
103, 22402571
What are the prime factors of 4059564666?
2, 3, 2633, 256967
List the prime factors of 171685420.
2, 5, 113, 75967
What are the prime factors of 585994279?
13, 1321, 34123
List the prime factors of 483588039.
3, 11, 37, 601, 659
List the prime factors of 2647703756.
2, 199, 883, 3767
What are the prime factors of 460971363?
3, 153657121
What are the prime factors of 1020268580?
2, 5, 71, 269, 2671
What are the prime factors of 207175842?
2, 3, 229, 50261
List the prime factors of 61723127.
61723127
What are the prime factors of 68868156?
2, 3, 7, 17, 29, 1663
What are the prime factors of 25684946?
2, 7, 1834639
List the prime factors of 33115922.
2, 7, 2365423
What are the prime factors of 2599040?
2, 5, 31, 131
What are the prime factors of 79160303?
79160303
List the prime factors of 540870660.
2, 3, 5, 11, 173, 1579
List the prime factors of 540760514.
2, 7, 17, 2272103
What are the prime factors of 31820879?
41, 776119
What are the prime factors of 160809382?
2, 173, 464767
What are the prime factors of 6516164192?
2, 17, 89, 134587
List the prime factors of 85301450.
2, 5, 13, 19, 6907
List the prime factors of 464770635.
3, 5, 7, 367, 1723
What are the prime factors of 9113840?
2, 5, 37, 3079
What are the prime factors of 245500884?
2, 3, 2029, 3361
What are the prime factors of 2354573168?
2, 17, 337, 1511
What are the prime factors of 303927671?
303927671
What are the prime factors of 46776264?
2, 3, 61, 89, 359
What are the prime factors of 2250992225?
5, 19, 1433, 3307
List the prime factors of 464990265.
3, 5, 173, 59729
What are the prime factors of 3836386648?
2, 31, 15469301
List the prime factors of 12547997.
7, 11, 107, 1523
List the prime factors of 55653196.
2, 2131, 6529
List the prime factors of 601522530.
2, 3, 5, 7, 1193
List the prime factors of 1284985020.
2, 3, 5, 11, 1946947
List the prime factors of 20018730.
2, 3, 5, 683, 977
What are the prime factors of 280681060?
2, 5, 11, 1275823
List the prime factors of 1705361722.
2, 852680861
What are the prime factors of 153164744?
2, 19145593
What are the prime factors of 875383409?
19, 46072811
List the prime factors of 56010891.
3, 2837, 6581
What are the prime factors of 26126721?
3, 53, 54773
What are the prime factors of 173234729?
173234729
What are the prime factors of 176150439